5
Let f = 75 - 83. Let p be f/(-68) - (-249)/51. Suppose p = -5*s, 7 = 2*b + 5*s - 2. Let a(z) = z**3 - 7*z**2 - z + 7. Calculate a(b).
0
Suppose -5*t + 14 = i, 0*t - 5*t + 4*i = 6. Let g(w) = 6 - 6 + w - t - 5 - 2. Let d be -5*(0 - (0 - -1)). What is g(d)?
-4
Suppose 0 = -200*z - 81*z - 1248 - 1281. Let w(c) = 4*c**3 + 35*c**2 - 5*c + 38. Calculate w(z).
2
Let n(g) = -126*g + 159. Let t(r) = -26*r + 2. Let b(o) = n(o) - 5*t(o). Give b(-32).
21
Suppose 0 = t - 1 + 7. Let b(q) be the second derivative of -q**4/12 - 7*q**3/6 + 7*q**2/2 - q - 1024. Determine b(t).
13
Let d(z) = 23*z - 35. Suppose -64 = -88*o + 162 - 50. What is d(o)?
11
Let c be (4 - 2 - -34) + 2 + -2. Suppose 2*t + c = 3*w, w + 5*t + 6 = 1. Let n be (-486)/(-90) - 4/w. Let l(q) = -q**2 + 7*q - 3. What is l(n)?
7
Let q(x) be the second derivative of x**4/2 + x**2/2 - 5*x. Suppose -3*i = -0*i - y - 5, i + 5*y = -25. Suppose 0 = -11*h - i*h + 11. What is q(h)?
7
Let b(l) = 3*l**2 + 1 - 12*l**2 - 6*l**2 - l + 7*l**2 + 11*l**2 - 2*l**2. Let t be (-4)/6*(-15)/2. Determine b(t).
21
Let t(k) = 606 - 2*k + 4*k - 1202 + 598 - 4*k. Determine t(1).
0
Let j(k) = -k**3 - 62*k**2 + 18. Let m(z) = -z**3 - 53*z**2 - 3*z + 16. Let s(d) = 4*j(d) - 5*m(d). Calculate s(-16).
8
Let a(s) = -s + 9. Suppose -7*f + 8 = -6*f. Let b be a(f). Let v(z) = z - 5*z**3 + b + 3*z**3 - 4*z**2 + 5*z**2. Give v(2).
-9
Suppose 0 = 2*o + 2*o + 8, -y = o - 2. Let d(n) be the third derivative of n**6/120 - n**5/12 + n**4/8 - n**3/2 - 1026*n**2. What is d(y)?
-7
Suppose 0 = -r + 3*i - 127, -157 = r + 5*i - 2*i. Let m = -148 - r. Let u(q) = q**3 + 6*q**2 - 2*q - 4. Determine u(m).
8
Let a = -1769 + 1767. Let g = -7 + 12. Let v(w) = -3*w + 1 + g*w + 1. Calculate v(a).
-2
Let i be (-11*1/(-4))/((-3)/12). Let k(a) = -a + 14. Let g(z) = 3*z - 38. Let s(n) = i*k(n) - 4*g(n). Calculate s(6).
-8
Let o(q) be the third derivative of -q**4/8 + q**3/2 - 4*q**2. Let j(r) = r**3 - 9*r**2 - 14*r + 42. Let u be j(10). What is o(u)?
-3
Suppose 0 = -3*c + 11 - 2. Let l(q) = -8*q**3 - c*q**3 - 5*q**3 + 6 - 9*q + 17*q**3 - 8*q**2. Determine l(9).
6
Let o(x) = -3*x. Let g(l) = l**3 + 6*l**2 - 6*l + 9. Let d be g(-7). Let u be (8/(-4))/(d/(-12)*4). What is o(u)?
-9
Let d be 0/2 + (-9)/(-18)*6 + -4. Let x(c) = -3*c - 1. Let p(y) = 0*y - y - y - 1. Let s(b) = -4*p(b) + 3*x(b). Determine s(d).
2
Let b(s) = 50*s**2 + 2 - 49*s**2 + 4*s - 7 + 2. Suppose 102 = 3*u - 3*d, 0 = 5*u + 5*d - 0*d - 150. Let a = -35 + u. Determine b(a).
-6
Let i be 1340/(-1005)*21/4. Let y(w) = w**2 + 21*w + 105. Give y(i).
7
Let a(g) = g**2. Let s(k) = 3*k**2 + 7*k + 9. Let u(d) = 2*a(d) - s(d). Let q be u(-3). Let v(y) = y**2 - 7*y**2 + y - 665*y**q + 5 + 664*y**3. Calculate v(-6).
-1
Let p(y) be the third derivative of 136*y**2 - 5/6*y**3 - 5/24*y**4 + 0*y - 1/30*y**5 + 0. Calculate p(-4).
-17
Let d = -214 + 207. Let f(t) = t**2 + 7*t + 4. What is f(d)?
4
Let k(s) = 2*s**3 - 96*s**2 - 100*s + 99. Let y be 1/2 - (-45)/((-630)/(-679)). What is k(y)?
1
Let t = -2 - -2. Let i(q) = -24*q - 15. Let f(c) = -12*c - 7. Let z(v) = -13*f(v) + 6*i(v). Let m(j) = 7*j. Let o(h) = 7*m(h) - 4*z(h). What is o(t)?
-4
Let l(x) = x**2 - 7*x + 3. Let t be ((-15)/(-20))/(1/(-4)). Let y be 26 - -6*2*t/(-12). Let j = y - 25. Calculate l(j).
-9
Let h(v) = 5*v - 4*v - 3*v + 9. Let b(o) = 11*o - 37. Suppose -7*a = -23*a + 64. Let l be b(a). Calculate h(l).
-5
Suppose 5*o - 3 = z, 4*o - 8*z + 5 = 29. Let p(q) be the second derivative of 4*q + o - 1/12*q**4 - 7/6*q**3 - 3*q**2. Give p(-6).
0
Let o(q) = -2*q**2 - 7*q - 3. Suppose 0 = 27*r - 20*r + 3*l + 19, -r + 4*l - 16 = 0. Give o(r).
-7
Let l(q) = 66*q + 12. Let n(h) = -h**2 + 80*h + 13. Let p(x) = 6*l(x) - 5*n(x). What is p(4)?
71
Suppose 24*g + 20 = 29*g. Let r(l) = g*l + 3*l - 4*l + l**2 - 4*l + 0*l. Give r(-1).
2
Suppose 0 = -3*c + 4*v - 10, 0*v = 2*c - v. Let k(i) = 149*i + 7 + c - 147*i. Determine k(-6).
-3
Let d(o) = -3*o**2 + 65*o + 24. Let k be d(22). Suppose k*v + 12 + 1 = -5*g, -8 = 2*v. Let y(h) = -2*h + h + 8*h**2 + 2*h. Determine y(g).
7
Let q = 79 + -14. Let f = q - 49. Let w(g) = -f*g + 16*g - 2*g. Give w(4).
-8
Let o(c) = 18 - c - 29 + 6. Let f be o(-1). Let t(y) = 3*y - 2*y + 0*y + 2. Determine t(f).
-2
Suppose -193*b = -120 - 73. Let a(k) = -50*k**2 - 2*k + 3. What is a(b)?
-49
Suppose 4*c + 328 = 908. Let d = c + -143. Let z(s) = -4*s**2 + s + 2. Determine z(d).
-12
Let x(c) be the first derivative of 0*c + 24 - 3*c**3 - 1/2*c**2. Determine x(-2).
-34
Let p(k) = -2 + 2*k + 1 + 2 + 6*k. Let n = -30668 - -30670. Give p(n).
17
Let q(b) = -6*b + 8. Suppose 36 = -730*o + 766*o. What is q(o)?
2
Suppose r + 45*f + 1 = 46*f, 6*r - 43 = -f. Let o(v) = v**2 - 14. What is o(r)?
22
Let g(j) be the first derivative of j**4/4 + 2*j**3/3 - 3*j**2 - 5*j - 7. Let c(q) = q**3 + q**2 - 3*q - 5. Let m(o) = 3*c(o) - 2*g(o). Determine m(2).
5
Suppose 114*o + 9*o + 80 + 166 = 0. Let b be (-10)/(-2)*-1*1. Let k(i) = -2*i + 4. Let a(d) = -3*d + 7. Let u(f) = b*k(f) + 3*a(f). Give u(o).
-1
Let o(p) = 4*p**2 + 2*p - 2. Suppose 833 = 3*r + 881. Let s be ((-4)/(-32) - (-98)/r) + 7. Determine o(s).
4
Let l(r) = -18*r**3 - r**2. Let s be (-9 + 3/2)*510/(-9). Let w = -426 + s. Calculate l(w).
17
Let n(z) = -3*z**3 + 0*z - 162 - 100 + 259 + z**2 + 3*z. Determine n(-2).
19
Let w(z) be the second derivative of -z**5/20 - 7*z**4/12 + 9*z**2 - 13*z - 7. Calculate w(-7).
18
Suppose 9*g - 17 = -8*g. Let t be (-10 + g)*(-50)/(-75). Let q(i) = -3*i - 14. Determine q(t).
4
Suppose g = 2*g - 11. Suppose 6*i = -3 - 14 + 35. Suppose 4*k + 3*v = v - 38, -2*v = -i*k - g. Let l(q) = -q**2 - 6*q - 1. Determine l(k).
-8
Suppose -41*h = -35*h - 288. Let q(a) = -30 + 10*a**2 + 38 + 11*a + h*a**3 - 47*a**3. Determine q(-9).
-10
Let g(u) = -13 - 84*u + 21 + 190*u - 101*u. Let y(b) = -2*b + 13. Let c be y(10). Determine g(c).
-27
Let w be (-435)/(-33) + 2 + (-10)/55. Let k be (116/174)/((-2)/w). Let a(i) = -2*i - 8. Give a(k).
2
Let n(j) = -j**2 + 16*j - 58. Suppose 5*i - 5*g = 7*i - 43, 0 = -i + 5*g - 31. Calculate n(i).
-10
Let h(x) = 14*x**3 + x**2 - 1. Let v(o) = -24*o**3 - o**2 - o + 2. Let w(z) = 7*h(z) + 4*v(z). Suppose -12 = 2*a + 2*a. What is w(a)?
-14
Let n(h) = 34*h - 3 + 4*h - 10*h - 14*h. What is n(1)?
11
Let q(l) = 55*l - 157. Let x(n) = n**2 + 116*n + 451. Let s be x(-4). Calculate q(s).
8
Let j(g) = -316 - 318 + 940 - 315 - 3*g. Determine j(-8).
15
Let c(t) be the second derivative of t**6/720 - 3*t**5/40 - 5*t**4/12 + 5*t**3/3 - 3*t + 7. Let y(d) be the third derivative of c(d). Give y(11).
2
Let l(h) = -3*h + 4. Suppose -4*x - x = 2*y - 30, -2*x + 23 = 3*y. Suppose -y*g + 1 = -14. Let a be g/(-6)*10 - -2. What is l(a)?
13
Let r(m) = 22*m**3 + 182*m**2 + 31*m - 202. Let x(h) = 2*h**3 + 18*h**2 + 3*h - 20. Let w(y) = -2*r(y) + 21*x(y). Determine w(7).
-9
Let c(n) = n**3 - 7*n**2 - 60*n + 4. Let z(y) = y**3 - 32*y**2 + 13*y + 1422. Let l be z(30). Determine c(l).
4
Let s = 14 - 14. Suppose s = -3*y - 6, 19 = 2*w - 5*y + 7. Let a(l) = w - l**2 + 0 - 3 - 7. What is a(0)?
-9
Let l(v) = 3 + 5 - 3 + 5*v. Suppose -740 = 3*o - 50*o - 101*o. Give l(o).
30
Let y be (-15)/25 + (-1 - (-849)/15). Suppose -66*l + y*l = -55. Let a(g) = 3*g - 9. Let c(m) = 7*m - 19. Let v(r) = -5*a(r) + 2*c(r). What is v(l)?
2
Let w(c) = 4*c**2 - 7*c - 2. Let j = -12120 + 12124. Determine w(j).
34
Let x(q) = q**3 + 12*q**2 + 2*q + 22. Let d(f) = -f**2 + 101*f + 408. Let s be d(-4). Calculate x(s).
-2
Let j(y) be the third derivative of 1/120*y**5 - 1/3*y**3 + 0 + 6*y**2 + 0*y - 7/24*y**4. Let n(v) be the first derivative of j(v). What is n(5)?
-2
Let g(r) = 9*r**2 + r + 1. Let c(q) be the second derivative of q**5/20 - 5*q**4/12 + q**3/3 - 11*q**2/2 - 39*q - 2. Let b be c(5). What is g(b)?
9
Let j(c) = -3*c**3 - 2*c**2 - 6*c - 3. Let h(m) = m**3 + m + 1. Let i(s) = -4*h(s) - j(s). Let t(a) = a**3 + a**2 - a - 1. Let v(r) = i(r) + 2*t(r). Give v(-3).
6
Let n be 844/76 - 12/114. Let f(t) = t - 11. Let k(p) = p - 12. Let b = 125 - 129. Let m(c) = b*f(c) + 5*k(c). What is m(n)?
-5
Let h be (13 - 24) + 0 - 7. Let f(q) = 9*q + 161. Give f(h).
-1
Let q(m) = -2*m**3 - 8*m**2 + 8*m - 12. Let j(o) = o**3 + 2*o**2 - 2*o + 4. Let n(s) = -3*j(s) - q(s). Let w = -10 + 12. Give n(w).
-4
Let j(i) = -2*i**2 +